ative of -q**4/4 + 3*q**3 - 5*q**2/2 - 10*q - 1. Let b be (-6)/(((-15)/(-20))/(-1)). What is the units digit of s(b)?
4
Let l be 4/8 - 59/(-2). Let d be ((-4)/(-6))/((-5)/l). Let v = 13 - d. What is the tens digit of v?
1
Suppose 0 = 14*u - 19*u. Let n(p) be the third derivative of p**5/60 - p**4/12 + 5*p**3 + p**2. What is the units digit of n(u)?
0
What is the thousands digit of 15/(135/18)*652?
1
Let r = 45 + -79. Let x = r - -56. What is the units digit of x?
2
What is the thousands digit of ((-1612)/12)/(38/(-342))?
1
Suppose -13*h - h - 84 = 0. Let s(l) = -l**3 + l + 7. Let q be s(0). Let i = q + h. What is the units digit of i?
1
What is the units digit of ((318642/12)/23)/((-1)/(-2))?
9
Suppose -5*v + 889 = 3*q, 2*v - 2*q - 354 = -4*q. What is the hundreds digit of v?
1
Let q(g) = g**2 - 8*g - 20. Let w be q(10). Let r(b) = -2*b**2 + 4*b - 17. Let y(u) = -u**2 + u - 1. Let x(v) = -r(v) + 3*y(v). What is the tens digit of x(w)?
1
Suppose 8*l = 9*l - 5. Suppose l*s = 14 + 31. Let k(q) = 5*q + 11. What is the units digit of k(s)?
6
Let t(b) = 4*b**2 - 2*b - 1. Let k be t(2). Suppose -n + 4*x + 28 = 0, -n + k + 27 = -2*x. What is the units digit of n?
8
Let n(y) = -y**3 - 7*y**2 - 4*y. Let o(r) = -r**3 - 5*r**2 - r. Let a be o(-5). Suppose -22 = a*i + 13. What is the units digit of n(i)?
8
Suppose 2*y + 167 = 3*u, -34 = -u - y + 25. What is the tens digit of u?
5
Suppose -12*b + 355 = r - 7*b, 2*r - 2*b = 722. What is the tens digit of r?
6
Let r = -106 - -64. Let n = r - -87. Suppose -5*h + n = -5. What is the tens digit of h?
1
Let o = -30 - -24. Let n = o - -25. What is the units digit of n?
9
Let p(i) = 3*i + 18. Let w(q) be the second derivative of q**3/6 - 5*q. Let k(l) = p(l) - 2*w(l). What is the units digit of k(-14)?
4
Let t(z) = 21*z + 28. What is the hundreds digit of t(9)?
2
Suppose 20*x - 3368 = 16*x. What is the hundreds digit of x?
8
Suppose 0 = 4*d + 2*i - 1786, 869 - 3102 = -5*d - 3*i. What is the tens digit of d?
4
Let y(o) = -78*o + 3. Let g be y(-1). Let v = g - 47. What is the units digit of v?
4
Let i = -421 - -781. What is the tens digit of i?
6
Suppose -2*l + 2 = a, -6*a = -a + 2*l - 18. Suppose a = -3*g - 8. Let o(f) = 2*f**2 + 3*f - 2. What is the units digit of o(g)?
8
Let c = -318 - -843. What is the tens digit of c/(-14)*(-24)/9?
0
Let v(r) = r**3 + 25*r**2 - 3*r - 69. Let n be v(-25). What is the tens digit of 4 + 110/(-30) - (-472)/n?
7
Suppose -27 = -3*p + 12. Suppose -32 = -3*y + p. What is the units digit of y?
5
Let k(s) = 3*s**3 + s**2 - 14*s + 51. What is the tens digit of k(5)?
8
Suppose -3*s - 2*f = -215, 2*f - 4 = -14. Let w be 63/(3/(-12)*-6). Let l = s - w. What is the tens digit of l?
3
Let g be 857/4 - (-1)/(-4). Let a = -57 - -60. What is the tens digit of g/12 + a/18?
1
Suppose -2*j + 5*o - 31 = 0, 0 = -2*j + 5*j + 4*o - 11. What is the tens digit of ((-13)/j - -1)*(-36)/(-16)?
1
Let v(x) = x**3 + 9*x**2 + 7*x - 4. Let u be v(-8). Suppose 0*d + u*g + 131 = 3*d, 5*d = g + 224. Let b = 74 - d. What is the units digit of b?
9
Let t be ((-2618)/33)/((-2)/3). Let h = t - 67. What is the units digit of h?
2
Let m = 21 + -16. Suppose -m*u = -15 - 5. Suppose -p = u*r - 62, 3*p - 2*r = -p + 194. What is the tens digit of p?
5
Let j = 2 + 3. Suppose 4*d - 2*a = 20, a + 2 = 3*d - 11. Suppose 0 = -3*n + d*z + 99, -j*n = -0*n + 2*z - 200. What is the tens digit of n?
3
What is the units digit of 4*2*13/((-104)/(-372))?
2
Let k be 2/(-21) - (-212)/21. Suppose -5*f = -k - 0. What is the units digit of f?
2
Let j(q) = -q**3 + 4*q**2 + q - 3. Let l be j(4). Let k be (-3 - -1 - 1) + l. Let u(p) = -2*p + 2. What is the units digit of u(k)?
6
Suppose 2*r - 7 = 5. Suppose 0*f = -3*f + r. Suppose 21 = 2*y - f*m + m, -5*y + m = -45. What is the units digit of y?
8
Let c = -51 + 26. Let u = c + 19. What is the tens digit of 23 + u/((-6)/2)?
2
Let s = 124 - 69. Let u = s + -16. Suppose 17 = 2*t - u. What is the units digit of t?
8
Suppose -2*g = 4*m + 104, 2*g + 135 - 10 = 3*m. Let y = g + 79. What is the units digit of y?
1
What is the tens digit of ((-3285)/90)/(1/(-12))?
3
Suppose -10 = -5*n, 0*i + 5*i - 22 = 4*n. What is the units digit of (-56)/21*i/(-2)?
8
Let w = -2 - -1. Let h be -43 + w/2*-2. What is the units digit of 15*7/(h/(-4))?
0
Suppose 4*f = -0*f + 52. Let j = 15 - f. What is the tens digit of j - (24 + 3)*-1?
2
Let v(r) = r**2 - 2*r - 5. Let q be v(-7). Suppose u + 25 = q. What is the tens digit of u?
3
Suppose 5*l + 18 - 68 = 0. Let n = 15 - l. Suppose -n = -7*w + 135. What is the tens digit of w?
2
Let y = 8897 + -5937. What is the thousands digit of y?
2
Let v(d) = -d**3 - 17*d**2 - 16*d + 3. Let b be v(-16). Let p(c) = 17*c - 3. What is the tens digit of p(b)?
4
Let h(w) = w. Let r(y) = 2*y - 3. Let z(s) = -3*s + 4. Let c(p) = -3*r(p) - 4*z(p). Let m(o) = c(o) - 3*h(o). What is the units digit of m(5)?
8
Let l(u) = -6*u + 14. Let r be l(-11). Suppose -s = t + 2*t - 5, -3*t + s + 1 = 0. What is the tens digit of r*(t + (-1)/2)?
4
What is the units digit of -4*(-1)/(-4)*-59?
9
Let n(q) = 7 + 14 + 4*q - 23. What is the tens digit of n(12)?
4
Let m(p) = p**3 + 7*p**2 + 4*p - 5. Let u be m(-6). Let l(c) = c**2 + 18*c - 14*c - u*c - 1. What is the units digit of l(5)?
9
Suppose -2*c = 2*a - 0*a - 76, -3*c + 122 = a. Suppose c - 2 = 8*o. What is the units digit of o?
5
Let c be (-2)/(7/(1015/(-10))). Let j = 8 + c. What is the units digit of j?
7
Let g be -5 - -2 - (0 - 2 - -46). Let z = g - -176. What is the tens digit of z?
2
Let a be ((-2)/10 + -1)/(8/(-20)). What is the units digit of (((-9)/(-2))/9)/(a/66)?
1
Let j = 456 + -102. Let h = j - 181. What is the hundreds digit of h?
1
Let s(j) = 2*j - 12. Let h be s(4). Let d be h + -4 + 0 + 0. Let i = 20 + d. What is the units digit of i?
2
Let r(c) = -2*c**3 - c**2 - c - 14. What is the units digit of r(-6)?
8
Suppose 9*g + 6900 = 24*g. What is the tens digit of g?
6
Suppose t = 0, -3*t = k - 2*t - 224. Suppose -3*a = 59 - k. What is the units digit of a?
5
Let v(a) = 407*a - 70. What is the thousands digit of v(3)?
1
Let p be 1 + -4 + (-6)/(-2). Suppose p = -0*b + 5*b - 10. Suppose b*x - 48 + 8 = -2*l, -3*l = -15. What is the units digit of x?
5
What is the units digit of (-2 - -90) + (12 - 7 - -1)?
4
Let n be -17 + (50/20 - (-6)/4). What is the tens digit of (n/(-4))/(30/(-16) + 2)?
2
Let n(y) = y**2 + 2*y - 1. Let d be 0 - 1 - (2 + 10). Let i(h) = h**2 + 12*h - 18. Let a be i(d). What is the units digit of n(a)?
4
Let v be (-2)/13 + 14/91. Suppose v*t = -4*t - 96. Let u = t - -39. What is the tens digit of u?
1
Suppose 753 = 3*i + p, 4*i + 6*p - 996 = 2*p. What is the hundreds digit of i?
2
Let s be 30/(-4)*-4*2/(-10). Let u(t) = -8*t - 13. What is the units digit of u(s)?
5
Let d be 6/2 - 25 - -3. Let c = -16 - d. Suppose 0*p + c*p + 6 = 0, 74 = i - 4*p. What is the tens digit of i?
6
Suppose 3*h + 1 = 13. Suppose -3*i - t + 81 - 10 = 0, -h*i - 3*t = -103. What is the tens digit of i?
2
Let x(z) = -7*z + 35. Let t be x(4). Let r(k) = -k**3 + 5*k**2 + 5*k + 8. Let j be r(6). Suppose t*w = j*w + 175. What is the units digit of w?
5
Let j(q) = q**3 + 14*q**2 + 10*q - 27. What is the tens digit of j(-13)?
1
What is the tens digit of (-107772)/(-189) + (-6)/27?
7
Let y(w) = -w**3 + 4*w**2 + 5*w + 8. Let p be ((-1)/(-3))/((-11)/(-132)) - 10. What is the tens digit of y(p)?
3
Let s(a) = -a + 3. Let r be s(1). Suppose -5*d = 3*p - 59, 0*p - 2*p + r*d = -34. What is the tens digit of p?
1
Let a(g) = -7 + 2 + g - 20*g. Suppose 3*d = 5*d + 4. What is the tens digit of a(d)?
3
Suppose 13*x - 178 = -61. What is the units digit of x?
9
Let o be 6/(-2) - (9 - 13). Suppose -4*b + o = i, i - 6 = 3*i. Suppose 5 = 2*t - b. What is the units digit of t?
3
Let u(l) = l**3 - 8*l**2 + 7*l - 4. Let i be u(7). What is the tens digit of i + 0 + 4 - -64?
6
Let h(g) = -g**3 + 18*g**2 + 24*g + 30. What is the units digit of h(18)?
2
Let m(a) = 3*a - a - 3*a + a**2 + 2*a - 2*a**3 + 1. Let y be m(-1). Suppose 0 = 2*i - 2*l - 30, -6*l - 46 = -y*i - 2*l. What is the units digit of i?
4
Let l(b) = b**3 + 4*b**2 + 3*b + 2. Let x be l(-3). Suppose 2*u + 10 = 0, 3*m + 3*u = x*m + 11. What is the tens digit of m?
2
Suppose r - 5*r - t = -19, 2*r = 4*t + 14. Suppose 425 = r*h - 30